ghest common factor of 834 and 11642223.
417
Calculate the highest common divisor of 6519331 and 7423.
13
What is the greatest common factor of 414582576 and 48?
48
What is the highest common factor of 1047 and 31397087?
349
What is the greatest common divisor of 94629704 and 104?
104
What is the highest common factor of 25 and 59369605?
5
What is the highest common divisor of 4802 and 927815?
343
What is the greatest common divisor of 47709 and 265050?
5301
What is the greatest common divisor of 4464163 and 463661?
671
What is the greatest common factor of 967032 and 476856?
2664
What is the highest common divisor of 1409845492 and 44?
44
Calculate the greatest common factor of 1638255 and 53640.
2235
Calculate the highest common factor of 146027 and 82777.
23
Calculate the highest common factor of 44928 and 15.
3
Calculate the greatest common factor of 236785 and 899.
29
What is the highest common divisor of 1708 and 1795052?
28
Calculate the highest common factor of 11733139 and 22.
11
Calculate the highest common factor of 164122452 and 15.
3
Calculate the highest common factor of 69 and 48880428.
69
Calculate the highest common divisor of 269509784 and 4.
4
What is the highest common divisor of 29138872 and 952?
56
Calculate the greatest common factor of 981876 and 708.
12
What is the greatest common factor of 6968 and 179156?
4
Calculate the highest common factor of 29044 and 5941964.
548
Calculate the highest common divisor of 13422529 and 10673.
821
Calculate the highest common divisor of 220290 and 60.
30
What is the highest common factor of 193480170 and 4350?
870
Calculate the greatest common factor of 70727982 and 3.
3
Calculate the highest common divisor of 4200 and 16958200.
1400
Calculate the highest common factor of 318990 and 34410.
930
What is the highest common factor of 810 and 18993960?
270
Calculate the greatest common factor of 440084835 and 45.
45
Calculate the highest common divisor of 240 and 59795730.
30
Calculate the greatest common divisor of 211075669 and 4025.
161
What is the highest common factor of 510 and 8116310?
170
Calculate the highest common factor of 4539768 and 22991.
83
What is the greatest common divisor of 48698802 and 1962?
1962
What is the greatest common divisor of 445713 and 10732416?
4413
Calculate the greatest common factor of 20951049 and 705.
141
What is the highest common factor of 3030 and 2342640?
30
What is the greatest common factor of 88 and 117782?
2
Calculate the highest common factor of 1476 and 2121156.
36
What is the greatest common factor of 33 and 1059192024?
33
Calculate the greatest common divisor of 880 and 128086640.
880
What is the greatest common factor of 5006 and 733499144?
5006
What is the highest common divisor of 216704 and 15727970?
3386
What is the highest common divisor of 887711 and 55?
11
Calculate the greatest common factor of 1138224 and 736.
368
What is the highest common divisor of 194698284 and 26895?
5379
What is the highest common divisor of 284 and 804847622?
142
Calculate the highest common factor of 45047095 and 105.
5
Calculate the greatest common factor of 81 and 335043.
27
Calculate the highest common factor of 30 and 2181435.
15
What is the greatest common divisor of 2475 and 9900495?
495
What is the highest common divisor of 3240468 and 1260?
252
Calculate the greatest common divisor of 358770 and 6690.
30
What is the highest common factor of 563255944 and 191?
191
Calculate the highest common divisor of 1360 and 13444936.
8
Calculate the highest common divisor of 570 and 335738550.
570
What is the greatest common divisor of 26187766 and 99?
11
Calculate the highest common divisor of 782408 and 4578865.
8891
Calculate the greatest common factor of 1865180 and 2305.
5
What is the greatest common divisor of 10 and 1302578390?
10
What is the greatest common divisor of 330 and 14173104?
66
What is the highest common factor of 6348 and 104213000?
2116
Calculate the highest common divisor of 360 and 3596920.
40
Calculate the highest common divisor of 2360 and 665.
5
What is the greatest common divisor of 380 and 7744960?
20
Calculate the greatest common factor of 566050 and 40.
10
Calculate the greatest common factor of 10542 and 7173078.
1506
What is the highest common factor of 5701 and 5181348149?
5701
What is the greatest common factor of 725454 and 387?
9
What is the greatest common divisor of 676 and 104602628?
52
What is the greatest common factor of 13766072 and 1184?
296
What is the greatest common divisor of 54 and 176247?
9
What is the greatest common divisor of 42 and 2758791?
21
What is the greatest common divisor of 474112 and 2079796?
1852
What is the highest common divisor of 14691 and 9075?
3
Calculate the highest common factor of 9379428 and 12.
12
Calculate the highest common factor of 170 and 2142272.
34
Calculate the highest common factor of 325464 and 382.
382
What is the highest common divisor of 9 and 6031191?
3
Calculate the greatest common factor of 2563648 and 470914.
1954
Calculate the greatest common factor of 16996886 and 202.
202
Calculate the highest common factor of 70563635 and 20.
5
What is the greatest common divisor of 2532408 and 1266?
6
Calculate the highest common factor of 1569429 and 27245853.
14139
What is the greatest common factor of 111989 and 24433?
53
Calculate the highest common divisor of 857403 and 63.
9
What is the highest common factor of 16685 and 1631135?
235
Calculate the greatest common divisor of 2188657 and 6923.
989
Calculate the greatest common factor of 7804452 and 138.
138
What is the highest common factor of 701668 and 740?
148
What is the greatest common factor of 32 and 2820220?
4
What is the highest common divisor of 63320850 and 596525?
5575
What is the greatest common factor of 728500 and 2632?
188
What is the greatest common factor of 11926740 and 2625?
105
What is the highest common divisor of 70 and 141598870?
70
What is the highest common divisor of 6390 and 128509290?
6390
Calculate the greatest common divisor of 765195 and 65052.
417
What is the highest common factor of 7092009 and 459?
459
Calculate the greatest common divisor of 115710 and 67802.
406
What is the greatest common factor of 301440 and 3488?
32
What is the greatest common divisor of 2433750 and 12650?
550
What is the greatest common factor of 25346736 and 2160?
432
What is the highest common factor of 8215773 and 849?
849
Calculate the greatest common divisor of 17 and 25443458.
17
Calculate the greatest common factor of 21658 and 164149076.
3094
Calculate the greatest common divisor of 116947 and 1660.
83
Calculate the greatest common divisor of 297601348 and 39996.
4444
Calculate the greatest common factor of 2649 and 31310297.
883
Calculate the highest common divisor of 51 and 639047527.
17
What is the greatest common divisor of 7403340 and 3180?
60
What is the greatest common factor of 3026 and 77945221?
1513
Calculate the highest common divisor of 65697 and 3369396.
183
Calculate the greatest common divisor of 96106598 and 95.
19
What is the highest common divisor of 32000500 and 700?
700
What is the greatest common divisor of 2313213 and 1230353?
1867
What is the greatest common divisor of 1649913 and 5085?
339
Calculate the highest common factor of 720440499 and 57.
57
Calculate the greatest common factor of 11645 and 5623165.
685
Calculate the greatest common factor of 19001862 and 29051.
209
What is the greatest common divisor of 7676001 and 2529?
9
Calculate the greatest common factor of 23296950 and 35100.
1350
What is the greatest common factor of 29543 and 68872357?
953
Calculate the highest common divisor of 408688 and 2897552.
4592
What is the highest common factor of 56863 and 18786?
101
Calculate the greatest common factor of 922412 and 588988.
916
What is the highest common divisor of 3040 and 90080672?
608
Calculate the greatest common divisor of 6164 and 17698592.
92
Calculate the highest common factor of 27391 and 10848943.
2107
What is the greatest common divisor of 86236 and 5970?
2
Calculate the highest common factor of 17834 and 789998.
482
Calculate the greatest common factor of 36 and 347740641.
9
Calculate the greatest common divisor of 109650 and 137785.
85
Calculate the highest comm